by 15?
14
Let v(h) = 139*h**2 + h - 4. Let n be v(2). Calculate the remainder when n/18 + (-26)/(-117) is divided by 16.
15
Let g = -12 + 23. What is the remainder when 30 is divided by g?
8
Suppose 4*d - 5*d + 47 = 0. Suppose -w - d = -2*w - 5*n, -39 = -2*w + n. Calculate the remainder when w is divided by 12.
10
Let f(p) = -p**3 - 12*p**2 - 5 - 4*p + 3*p + 10*p**2. What is the remainder when f(-4) is divided by 11?
9
Suppose -o = o, -56 = -4*u - 3*o. Calculate the remainder when u is divided by 5.
4
Let w = 152 + -71. Suppose -2 = 5*q - 12, 3*f - 3*q = w. Calculate the remainder when f is divided by 15.
14
Let q be 206/13 + (-2)/(-13). Let b = q - 3. Calculate the remainder when 24 is divided by b.
11
Let c be 5/3*(-51 + 3). Let u = -56 - c. Calculate the remainder when 46 is divided by u.
22
Let z = 51 - 43. What is the remainder when 11 is divided by z?
3
Suppose 0 = -3*i - 4*b + 48, 0*i + 4*i + 4*b = 64. Calculate the remainder when 126 is divided by i.
14
Suppose 60 + 6 = -3*r. Let n = 39 + r. What is the remainder when 49 is divided by n?
15
Let u be (-315)/(-20) + 2/8. Let b be 0 - 5*-2*u. Calculate the remainder when 37 is divided by b/12 + (-2)/6.
11
Suppose -2*t + 0*t + 28 = 0. Let d(p) = p + 26. Suppose -4*j = -0*j. What is the remainder when d(j) is divided by t?
12
Suppose 0 = -4*n + 2*z + 142, -3*z = 5 + 10. What is the remainder when 64 is divided by n?
31
What is the remainder when 65 is divided by ((-13)/39)/((-1)/102)?
31
Let p = 6 + 57. Calculate the remainder when p is divided by (-2 + -10)*(-4)/3.
15
Let y = 9 - 5. Suppose -y - 1 = 5*n. What is the remainder when 27 is divided by n*(-42)/(-15)*-5?
13
Let i = -25 + 34. Calculate the remainder when 35 is divided by i.
8
Calculate the remainder when ((-1)/(-1))/(5/70) is divided by 4.
2
Let a(q) = q + 12. Calculate the remainder when 65 is divided by a(5).
14
Let s(p) = -79*p**3 + p**2 - p - 1. What is the remainder when s(-1) is divided by 14?
10
Let t be 0/(2 + -4 - 1). Suppose -12 = -4*j - t*j. Suppose a = 2*v + 10, j*v + 4 = 10. Calculate the remainder when 40 is divided by a.
12
Suppose 0*m + 42 = 6*m. What is the remainder when 27 is divided by m?
6
Suppose 0 = l + 2*y - 39, 0*l - 3*l = y - 107. Let p = 3 + 6. Calculate the remainder when l is divided by p.
8
Let x = -3 + 4. Let n(i) = -12*i + 2. What is the remainder when n(-2) is divided by 17 + 0 + (x - 4)?
12
Calculate the remainder when 23 is divided by (-129)/(-15) - (-15)/(-25).
7
Let c(u) = u - 8. Let n be c(7). Calculate the remainder when 70 is divided by -1*((-25 - -2) + n).
22
Suppose -30 = -2*s - 8. Let x be 1*(-8)/(-6)*3. What is the remainder when (-2 - x)/(4/(-14)) is divided by s?
10
Suppose 4*j = 2*f - 60 - 174, -5*f = -4*j - 591. Calculate the remainder when f is divided by 12.
11
Let s = -9 - -23. What is the remainder when 27 is divided by s?
13
Let c = 82 - 150. What is the remainder when c/10*10/(-2) is divided by 12?
10
Let a(i) = -3*i + 8. Let f(j) = -j + 3. Let b(h) = 3*a(h) - 8*f(h). Let x be b(2). What is the remainder when 22 is divided by x/(1 + (-21)/18)?
10
Let j = -162 - -188. What is the remainder when 120 is divided by j?
16
Let m = -209 + 217. Calculate the remainder when 14*1/2*3 is divided by m.
5
Suppose -4*k - 2 = 6. Calculate the remainder when (2 + -1)*(5 - k) is divided by 3.
1
Let p(y) = 5*y + 21. What is the remainder when p(13) is divided by 18?
14
Suppose -147 = -15*w + 168. Calculate the remainder when 102 is divided by w.
18
Let r(z) = 13*z**3 - z**2. Let p be r(-1). Let o = -1 - p. Suppose -2 = -4*l + 26. What is the remainder when o is divided by l?
6
Let a = 50 + -34. Let p = a - -21. Calculate the remainder when p is divided by 10.
7
Suppose -3*o = o - 252. Calculate the remainder when o is divided by 16.
15
Suppose -2*t = -12*t + 150. What is the remainder when 88 is divided by t?
13
Suppose 4*h - 696 = -3*t, -3*h = h - 2*t - 676. Let f = h + -60. Suppose 0 = v + 2*v - f. What is the remainder when v is divided by 13?
11
Let m(s) = 37*s + 3. Let h(z) = 25*z + 2. Let b(q) = -7*h(q) + 5*m(q). Calculate the remainder when 2/(-8) + 330/8 is divided by b(2).
20
Suppose 37 = 15*r - 203. Calculate the remainder when r is divided by 9.
7
Suppose g = -g, m - 2*g - 32 = 0. What is the remainder when 61 is divided by m?
29
Let z be 14*(1*-4)/(-8). Suppose -2*t - 2 = 2*f, 2*f - z = -0*t - 5*t. Suppose -12 = -o - 3. What is the remainder when o is divided by t?
0
Let i(p) = -p**3 - 5*p**2. Let v be i(-5). Let t(k) = k**2 + 27. What is the remainder when t(v) is divided by 15?
12
Let b(d) = -d**3 - 6*d**2 - d - 2. Let p = 13 + -9. Suppose p*f - 4 = 48. Calculate the remainder when f is divided by b(-6).
1
Let p be (-632)/(-40) + (-1)/(-5). Let g = p + -2. Let f(y) = -y**3 + y**2 + 26. What is the remainder when f(0) is divided by g?
12
Suppose -q + 2*q = 2. Suppose -q*r + 80 = 3*r. Suppose -20 = 3*v + 5*w - 163, -2*v + 5*w = -87. Calculate the remainder when v is divided by r.
14
Suppose 4*p - p - 42 = 0. Let d(g) = -g**2 + 8*g - 2. Calculate the remainder when p is divided by d(7).
4
Let l = 9 - 4. Let y = 2 + 0. Suppose 0 = l*c + 4*q - 59, -2*c - y*q + 46 = 2*c. Calculate the remainder when c is divided by 4.
3
Let y = -1 - -1. Suppose 2*s + r = -y*s + 273, -s + 4*r = -141. Let b = s - 81. What is the remainder when b is divided by 19?
18
Let a = 125 - 61. Let f = a + -30. What is the remainder when f is divided by 9?
7
Let s(m) = -m + 9. Let z be s(8). Suppose 3 = n - z. Let t = n + -1. What is the remainder when 4 is divided by t?
1
Suppose 6*v - 45 = -j + 2*v, 2*j - 90 = -v. Suppose 0 = -a - 3, -3*o - a + 18 = -j. Calculate the remainder when o is divided by (-4)/2*(-8)/2.
6
Let k(t) = -t**3 + 5*t**2 + 3*t - 2. Suppose -2*b + 0 = -18. Suppose -5*r = -106 - b. What is the remainder when r is divided by k(5)?
10
Let l(y) = 4*y**2 - 3*y. Calculate the remainder when l(3) is divided by 15.
12
Suppose -2 + 52 = 2*k. Suppose -l = -5*l + 56. What is the remainder when k is divided by l?
11
Let m be (225/(-10))/((-2)/4). Suppose 0 = -p - 2*p + m. Calculate the remainder when 28 is divided by p.
13
Let x(n) = -11*n**3 - n**2 - n - 1. Calculate the remainder when 28 is divided by x(-1).
8
Suppose -2*x + 120 = 2*x. Suppose -2*g + 12 = n, 3*g - 16 = -g. Suppose 3*s = n*b - 67, b = -0*b + 5*s + 21. What is the remainder when x is divided by b?
14
Suppose 1 + 17 = b + o, -19 = -b - 2*o. Calculate the remainder when b is divided by 7.
3
Let y = 18 - 25. What is the remainder when 27 is divided by (1/(-2))/(y/140)?
7
Suppose -14*m - 233 = -1087. Calculate the remainder when m is divided by 23.
15
Let s = -18 - -32. Let i(h) be the first derivative of 4*h**3 + h**2 + h + 6. Calculate the remainder when i(2) is divided by s.
11
Let a be 9*((-2)/6)/(-1). Suppose a*y + z - 13 = 4, -5*z = 5*y - 45. Calculate the remainder when 12 is divided by y.
0
Let n be (-2)/8 - (-13)/4. What is the remainder when 28 is divided by -4*n/12*-10?
8
Let y = -33 - -38. Calculate the remainder when 10 is divided by y.
0
Suppose 0 = 3*q + 4*d - 92, -2*d - 5 = -3*q + 75. Calculate the remainder when (-8)/q + (-624)/(-28) is divided by 12.
10
Suppose s - 59 = -2. Let i = s - 23. Suppose r - i = -5*u + 136, -4*r = 20. Calculate the remainder when u is divided by 9.
8
Let n(r) = r**2 - r - 2. Let o be n(3). Suppose -f + 5*b = f - 34, f = -o*b + 30. What is the remainder when f is divided by 8?
6
Let y = 0 + -1. What is the remainder when 0/2 + (15 - y) is divided by 6?
4
Suppose -8*r = -10*r + 112. Calculate the remainder when 220 is divided by r.
52
Suppose -3*u - 2*u + 570 = 0. Suppose -v + u - 396 = -5*r, 5*r - 288 = 4*v. Calculate the remainder when r is divided by 19.
18
Let c(k) = 7*k + 2. Calculate the remainder when 41 is divided by c(2).
9
Let d = -4 + 6. Suppose d*h - 15 = -h. Suppose 5*i + 12 = m - 0*i, -3*m + 55 = 4*i. What is the remainder when m is divided by h?
2
Suppose 0*c + 62 = 5*p - c, 4*p - 5*c = 58. What is the remainder when 21 is divided by p?
9
Let v(r) = r**2 - 15*r - 1. Calculate the remainder when (-1)/4 - (-101)/4 is divided by v(16).
10
Let v(q) = 14*q - 21. Calculate the remainder when 242 is divided by v(5).
46
Suppose -5*b = w - 4, -2*b - 61 + 22 = -w. Let l be (-4)/(1/((-7)/2)). W